d) = d**2 - 312*d + 7161. Determine y(25).
-14
Let l(c) = 5*c**2 + 43*c - 137. Give l(-11).
-5
Let c(h) = -h**3 - 39*h**2 - 84*h - 83. Give c(-37).
287
Let y(a) = -5*a**2 - 21*a - 37. Calculate y(-12).
-505
Let m(p) = 30*p**2 + 7*p + 1. Give m(-3).
250
Let w(o) = -o**3 - 23*o**2 - 243*o - 4218. Determine w(-21).
3
Let x(k) = 39*k + 430. Give x(-10).
40
Let a(q) = -15*q - 74. Determine a(-4).
-14
Let k(u) = -287*u - 65443. Determine k(-228).
-7
Let t(i) = 42*i + 3440. Calculate t(-82).
-4
Let o(u) = -27*u - 43. What is o(7)?
-232
Let u(y) = y**3 + 45*y**2 + 3*y - 11. Calculate u(-45).
-146
Let x(j) = 38*j - 1078. Calculate x(30).
62
Let x(d) = d**3 - 12*d**2 + 247*d - 3860. What is x(14)?
-10
Let y(u) = u**3 + 27*u**2 + 90*u - 750. What is y(-21)?
6
Let y(x) = -x**3 - 36*x**2 + 89*x + 500. Calculate y(-38).
6
Let g(i) = -i**3 + 2*i**2 + 82*i - 314. Calculate g(4).
-18
Let q(b) = 29*b + 52. Calculate q(-5).
-93
Let m(v) = v**3 - 275*v**2 - 549*v - 1354. Give m(277).
31
Let p(u) = 93*u - 661. What is p(7)?
-10
Let v(x) = -543*x + 46698. Determine v(86).
0
Let l(t) = -2*t**2 - 53*t + 672. What is l(-38)?
-202
Let y(h) = 921*h - 8313. Give y(9).
-24
Let h(c) = -5*c**2 + 8*c + 117. Determine h(-7).
-184
Let y(t) = 6684*t + 6681. Calculate y(-1).
-3
Let i(y) = 3*y**2 + 4*y + 607. Give i(0).
607
Let s(p) = 101*p - 53. Give s(-1).
-154
Let r(m) = -37*m**2 - 103*m + 22. What is r(-5)?
-388
Let a(d) = 19871*d + 79477. Determine a(-4).
-7
Let r(l) = -l**3 - 12*l**2 - 8*l - 244. Determine r(-13).
29
Let o(z) = -6*z**2 + 453*z - 657. What is o(74)?
9
Let w(l) = l**2 + 46*l + 382. Give w(-11).
-3
Let w(x) = -3*x**2 - 45*x + 432. Give w(-22).
-30
Let w(h) = 2*h**2 + 486*h - 4024. Determine w(-251).
-8
Let o(f) = -3*f**3 - 3*f**2 - 7*f - 18. Calculate o(-2).
8
Let c(u) = -75*u - 724. What is c(-7)?
-199
Let n(l) = -12*l - 101. Determine n(-23).
175
Let u(q) = -q**3 + 8*q**2 - 24. What is u(7)?
25
Let b(n) = 2*n**3 - 13*n**2 + 4*n - 1. Calculate b(5).
-56
Let l(t) = -t**3 + 32*t**2 - 150*t - 36. Calculate l(26).
120
Let g(m) = 3*m**2 - 28*m - 184. Determine g(13).
-41
Let i(c) = 112*c - 1668. What is i(15)?
12
Let l(w) = -w**3 - 170*w**2 - 1145*w - 653. What is l(-163)?
-1
Let k(j) = 4*j**3 - 85*j**2 + 96*j + 74. Determine k(20).
-6
Let t(i) = 14*i**2 - 825*i - 1779. Calculate t(61).
-10
Let b(h) = -639*h - 17306. What is b(-27)?
-53
Let a(x) = 40*x - 260. Give a(8).
60
Let s(c) = 6*c**2 + 198*c - 642. Calculate s(-36).
6
Let y(m) = 9*m - 48. Determine y(-6).
-102
Let v(z) = z**2 - 248*z - 2062. Give v(-8).
-14
Let q(r) = -r**2 - 191*r + 7112. Give q(32).
-24
Let d(c) = -5*c**2 + 56*c + 31. Determine d(12).
-17
Let b(q) = -21*q + 95. What is b(6)?
-31
Let p(l) = l**3 - 11*l**2 + 5*l - 51. What is p(9)?
-168
Let h(p) = p**2 - 24*p + 175. Determine h(22).
131
Let u(z) = 3*z - 109. Determine u(-26).
-187
Let k(v) = -2*v**2 - 47*v - 22. Calculate k(-23).
1
Let f(n) = 2*n**3 + 6*n**2 + 14*n + 43. Give f(-3).
1
Let v(u) = -2*u**2 - 74*u + 18. What is v(-37)?
18
Let o(c) = 90*c - 1743. Calculate o(20).
57
Let w(g) = -431*g + 1729. Give w(4).
5
Let g(c) = c**2 - 104*c + 403. Determine g(4).
3
Let o(h) = 3*h**2 + 461*h - 11196. Calculate o(-175).
4
Let w(a) = -111*a - 86. Give w(-1).
25
Let c(t) = -t**3 - 13*t**2 - t - 1. Give c(-3).
-88
Let q(y) = 9*y**2 + 3*y + 12. Calculate q(-2).
42
Let i(w) = w**2 - 680*w + 2697. Give i(4).
-7
Let o(f) = f**3 + 58*f**2 + 615*f - 54. Determine o(-44).
-10
Let s(k) = k**3 + 11*k**2 + 18*k + 77. Determine s(-10).
-3
Let j(p) = 10767*p + 43076. What is j(-4)?
8
Let n(r) = 98*r + 283. Determine n(-3).
-11
Let u(g) = 167*g - 782. Calculate u(5).
53
Let v(w) = -10*w + 180. What is v(6)?
120
Let x(f) = -14*f**2 + 9*f - 10. Calculate x(3).
-109
Let x(k) = -k**2 - 250*k - 10624. Give x(-196).
-40
Let g(o) = 49*o - 885. Give g(20).
95
Let j(d) = -4*d**2 - 27*d - 36. Calculate j(-4).
8
Let u(b) = 267*b - 128. Calculate u(2).
406
Let i(a) = -a**3 + 16*a**2 + 8*a - 79. Give i(17).
-232
Let z(r) = -r**2 - 58*r - 486. Determine z(-42).
186
Let b(l) = 9*l**2 - 70*l + 60. What is b(9)?
159
Let i(n) = -2*n**3 - 5*n**2 - 16*n - 25. Calculate i(-2).
3
Let y(r) = -5*r**2 - 48*r + 111. Give y(-15).
-294
Let x(w) = -19*w**2 + 8*w - 19. What is x(2)?
-79
Let u(h) = 995*h + 10988. Give u(-11).
43
Let i(j) = -40*j - 330. Give i(-6).
-90
Let c(g) = 13*g - 435. What is c(33)?
-6
Let w(o) = -611*o**2 - 7334*o - 28. Determine w(-12).
-4
Let o(u) = 679*u + 6802. Calculate o(-10).
12
Let z(k) = 4*k**3 - 5*k**2 - 10*k - 1. Determine z(-3).
-124
Let r(g) = -5*g**2 - 9*g + 22. Give r(3).
-50
Let v(g) = 2*g**3 + 83*g**2 + 729*g + 83. Determine v(-29).
-33
Let t(u) = u**2 - 29*u - 638. What is t(-16)?
82
Let t(z) = 27*z**3 - 2*z - 2. Give t(2).
210
Let h(g) = -g**2 + 38*g + 309. Calculate h(-8).
-59
Let y(z) = -z**3 + 30*z**2 - 30*z + 7. Give y(29).
-22
Let x(m) = m**3 - 7*m**2 + m - 183. What is x(9)?
-12
Let y(k) = -8257*k + 206419. What is y(25)?
-6
Let y(t) = -835*t + 60106. Give y(72).
-14
Let i(x) = -3*x**2 - 19*x - 58. Determine i(-3).
-28
Let q(m) = m**3 - 42*m**2 + 75*m + 171. Determine q(40).
-29
Let w(d) = 2*d**3 - 42*d**2 + 6*d - 176. Calculate w(21).
-50
Let q(w) = w**3 + 54*w**2 + 53*w + 81. What is q(-53)?
81
Let f(r) = r**3 + 63*r**2 + 398*r + 9540. Give f(-59).
-18
Let d(u) = -u**3 - 13*u**2 + 195*u + 13. Determine d(9).
-14
Let b(c) = -c**3 - 6*c**2 - 3*c + 4. Give b(-8).
156
Let h(p) = -p**3 - 13*p**2 + 113*p - 64. What is h(-19)?
-45
Let d(r) = -r**3 + 23*r**2 + 25*r - 36. What is d(24)?
-12
Let x(g) = -2*g**2 + 179*g - 2473. What is x(17)?
-8
Let z(i) = -3*i**3 + 8*i**2 + 92*i + 256. Calculate z(-3).
133
Let n(t) = 11*t - 308. Calculate n(40).
132
Let a(q) = -3*q - 57. Calculate a(-21).
6
Let t(y) = -y**3 - 66*y**2 - 457*y + 63. What is t(-8)?
7
Let o(h) = h**2 + 55*h - 262. Give o(4).
-26
Let d(v) = 11*v**3 - 74*v + 212. Give d(3).
287
Let j(c) = -c**3 + 19*c**2 + 14*c + 102. Calculate j(20).
-18
Let a(g) = 4492*g + 17938. What is a(-4)?
-30
Let n(u) = u**3 + 24*u**2 + 65*u - 7. What is n(-3)?
-13
Let n(v) = 1113*v - 43405. Calculate n(39).
2
Let z(l) = -14*l + 1947. Determine z(140).
-13
Let t(k) = 2*k**2 + 425*k + 3108. What is t(-205)?
33
Let s(d) = 3*d**2 - 31*d - 1. Determine s(15).
209
Let h(r) = 3*r**2 + 107*r + 495. Determine h(-30).
-15
Let h(j) = -4*j**3 + 115*j**2 - 84*j + 24. What is h(28)?
24
Let m(v) = 165*v + 663. Give m(-9).
-822
Let x(w) = -2*w**3 - 17*w**2 - 69*w - 80. What is x(-2)?
6
Let r(y) = -y**3 + 5*y**2 - 42*y + 138. Calculate r(4).
-14
Let v(z) = 17386*z - 156479. Give v(9).
-5
Let g(f) = -191*f - 10. Give g(1).
-201
Let w(p) = p**3 - 17*p**2 + 15*p + 21. Calculate w(11).
-540
Let y(a) = a**3 - 15*a**2 - 74*a - 43. Determine y(19).
-5
Let p(l) = -l**2 - 5*l + 421. Give p(-25).
-79
Let v(y) = 3*y**3 + 11*y**2 + y + 5. Determine v(-6).
-253
Let h(d) = -171*d - 1904. Calculate h(-11).
-23
Let x(r) = -55*r**2 - 399*r - 80. What is x(-7)?
18
Let f(y) = y**3 + 23*y**2 + 42*y + 44. What is f(-21)?
44
Let w(p) = -p**3 - 19*p**2 - 40*p + 128. Give w(-16).
0
Let k(j) = -87*j + 13746. Determine k(158).
0
Let r(p) = -34*p**2 + 210*p - 20. What is r(7)?
-216
Let i(h) = h**3 + 102*h**2 + 592*h + 1529. Give i(-96).
-7
Let q(t) = -t**3 + 25*t + 35. Calculate q(0).
35
Let g(j) = -10*j + 18. What is g(8)?
-62
Let d(n) = 25*n**2 + 5*n - 2. Determine d(-1).
18
Let m(d) = 6*d**2 - 175*d + 29. Give m(29).
0
Let q(b) = -14*b**3 + 70*b**2 + 2*b - 12. Determine q(5).
-2
Let b(z) = 48*z - 253. Give b(4).
-61
Let p(n) = -4*n**2 - 194*n + 3489. What is p(14)?
-11
Let w(n) = -n**3 + 57*n**2 + 316*n + 32. Give w(-5).
2
Let f(a) = 3*a + 20. What is f(-10)?
-10
Let n(c) = -219*c + 5047. What is n(23)?
10
Let q(j) = 215*j - 2364. What is q(11)?
1
Let b(z) = z**3 + 64*z**2 - 135*z - 257. What is b(-66)?
-59
Let n(m) = 858*m - 12852. Calculate n(15).
18
Let s(u) = 218*u + 1311. Give s(-6).
3
Let a(b) = -5*b**2 + 186*b - 21. Calculate a(36).
195
Let q(u) = u**3 - 41*u**2 - 105*u + 843. Give q(43).
26
Let y(x) = -x**2 + 19*x + 332. Calculate y(-11).
2
Let g(o) = -3*o**2 + 19*o + 57. Calculate g(-4).
-67
Let i(o) = -29*o - 78. What is i(-3)?
9
Let i(b) = -15276*b - 122220. Give i(-8).
-12
Let h(a) = a**2 - 14*a + 29. Determine h(-9).
236
Let p(v) = 16*v